ve i(o).
3
Let v be (-13)/2 + (-9)/(-6). Let r(a) = 0 - 5*a - 12 + 19 + 2*a - 5. Calculate r(v).
17
Let p(a) be the third derivative of -a**6/120 - 9*a**5/20 - 17*a**4/8 - 14*a**3/3 - a**2 - 745*a. What is p(-25)?
-3
Let b(u) = -u - 3. Let f be (-4584)/(-72)*(1 + 2). Suppose -t + 188 - f = 0. What is b(t)?
0
Let m(l) = 712*l - 108*l - 158 - 624*l. Calculate m(-7).
-18
Suppose 0 = -33*g + 32*g + 4. Suppose 2 = r - g*m + 3, 2*m = 5*r - 31. Let c(i) = -i**3 + 7*i**2 - 3*i + 3. Determine c(r).
-18
Let g(d) be the third derivative of 1/24*d**4 + 0 + 3*d**2 + 0*d + 1/6*d**3. Suppose i + 4 + 2 = -4*h, 3*i - 21 = h. Calculate g(i).
7
Let p(a) = a**2 - 3. Let u(b) = 18*b + 51. Suppose 6 = 6*q - 4*q - 3*o, -q = -2*o - 5. Let d be u(q). Calculate p(d).
6
Let i(f) = 161*f**2 - 143*f**2 - 2*f**3 - 5*f - 8 - 12*f + 2*f. Let n be i(8). Let c(s) be the third derivative of -s**5/60 - 3*s**3/2 + s**2. Determine c(n).
-9
Let b(s) = -15*s**2 + 48*s**2 - 22*s - 21*s**2 - 6 + 6*s - 14*s**2. Determine b(-8).
-6
Let w be -19*1 - (-468)/39. Let f(a) = -a**2 - 4*a - 11. What is f(w)?
-32
Let w be ((7 - 9)/(-2))/(3/9). Let u(j) = 7*j + 5*j - 13 + 0*j - 8*j - w*j. Give u(10).
-3
Let z(h) = h**2 + 2830*h + 0*h**2 - 1 - 1 - 2824*h. Calculate z(-4).
-10
Let y(f) = -f**3 - 5*f**2 - 2*f - 4. Let n be 4/(-6) - (3 + 376/(-6)). Let q be (n/(-2))/((-6)/12). Let l = q + -63. Determine y(l).
-12
Let w(x) = 2*x - 11. Let v be w(2). Let k(j) = 2*j**3 + 14*j**2 + 3*j + 14. Let d be k(v). Let z(f) = -f**3 - 8*f**2 - 5*f + 5. Give z(d).
-9
Let m be (5*-1)/(125/(-50)). Suppose 0*z = 5*z. Let g(f) = z*f + 1 - f - 3*f + f. Give g(m).
-5
Let l(n) = 5*n**3 - 19*n + 7 - 15*n**2 + 12 + 22*n**2 - 2*n**2 - 4*n**3. Calculate l(-8).
-21
Let f = -40 + 41. Let y(a) = 6*a + 5. Let v be y(f). Let o = v - 11. Let u(d) = d**2 - d + 11. Calculate u(o).
11
Let t(n) = -n**3 + 5*n**2 + 4*n - 12. Let s(p) = p**3 - 2*p - 1. Let k(y) = 5*y**3 - 2*y**2 - 23*y + 1. Let c(a) = k(a) - 4*s(a). Let f be c(5). Determine t(f).
8
Let s(g) be the second derivative of -g**4/12 - 5*g**3/2 - 3*g**2 + 276*g. Let l be s(-15). Let m(u) = u**3 + 6*u**2 + 3*u + 16. What is m(l)?
-2
Let a(h) = -h + 34. Let x be a(21). Suppose 3*j = x - 4. Suppose -3*c = -5*c - 4*s - 8, -j*s = c + 5. Let m(w) = w - 1. Calculate m(c).
-3
Let k(o) = -9*o + 159. Let p(w) = w**2 + 18*w - 375. Let b(d) = 7*k(d) + 3*p(d). What is b(-2)?
18
Let l(i) = i**2 - i - 1. Let r be 299/65 - 2/(-5). Suppose 0 = -y + r*w + 6 + 11, -w + 3 = 3*y. Give l(y).
1
Let p(t) = 10*t + 44*t**2 - 79*t**2 + 7 + 36*t**2. Suppose -3*b + 47 = -5*q - 12, 2*b + 44 = -5*q. Calculate p(q).
7
Suppose 59*s - 47*s = 36. Suppose 0 = -w + 4 - 2. Let f(v) = -v**s + 3*v - 6*v**w + v - 2*v. Give f(-6).
-12
Let a(w) = w**3 + 7*w**2 - 5*w + 36. Let z be a(-8). Let o be ((-24)/9)/((-8)/z). Let c(k) = -k**2 + 4*k - 5. Calculate c(o).
-5
Let u(k) be the third derivative of 0*k + 0 - k**3 + 1/120*k**6 + 7/24*k**4 - 1/15*k**5 + 151*k**2. Give u(4).
22
Let u(k) = 2*k**2 + 27*k + 20. Let l be u(-13). Let w(y) = 5*y**3 + 7*y**2 - 6*y - 7. Let x(g) = g**3 - g. Let s(b) = w(b) - 6*x(b). Calculate s(l).
-7
Suppose -3*j + 31 = 6*i - 2*i, 0 = -5*i + 2*j + 10. Let y(u) = 2*u**3 - 4*u**2 - 6*u. Give y(i).
40
Let q(o) = o**3 - 5*o**2 - 6*o. Suppose 254 - 1622 = 8*i. Let c = -165 - i. Calculate q(c).
0
Suppose 3*h - x + 4*x = 255, -163 = -2*h + 5*x. Let w = 83 - h. Let o(k) = 10*k + 1. Calculate o(w).
-9
Let f(n) = 9*n - 2. Let a(t) = t + 1. Let u(l) = -3*a(l) - f(l). Determine u(1).
-13
Let j(k) = k + 108. Let o(d) = -d - 12. Let p(r) = j(r) - 6*o(r). Calculate p(-24).
12
Let i(b) = -28*b**2 + 9*b - 344 - 22*b**2 + 51*b**2 + 354. What is i(-6)?
-8
Let q(z) = z**3 + 11*z**2 + 6*z + 56. Let w be q(-11). Let a(m) = -6*m - 81. Determine a(w).
-21
Let o(t) = t**3 + 3*t**2 + t + 3. Let b(z) = -3*z**2. Let r(s) = -s**3 + 7*s**2 + 1. Let f be r(7). Let m be b(f). Give o(m).
0
Let h(m) = -17*m**3 - m**2 - m. Let g be (-5)/(-2)*(-6)/(-5). Suppose 0 + 12 = g*k. Suppose -k*p + 5*c + 7 = -p, -4*c = -4*p + 4. What is h(p)?
17
Let p(f) = -18*f + 125. Let n(r) = -14*r + 127. Let a(s) = 4*n(s) - 3*p(s). Determine a(0).
133
Let u be ((-176)/55)/(3/15). Let q be 2 + 22/(-10) + u/20. Let z(k) = 2*k + 3. Let a(w) = 25*w + 40. Let l(g) = 3*a(g) - 40*z(g). Determine l(q).
5
Let t(r) = -r**2 - r + 2. Let j(i) = -4*i**2 - 2*i + 7. Let q(k) = -3*k**2 - k + 6. Let v(h) = 4*j(h) - 6*q(h). Let g(d) = t(d) + v(d). Calculate g(5).
4
Let q(s) = -8*s**2 + 2*s + 1. Let f = -9 + 14. Let a be f/(-30) - 75/(-18). Suppose a*o - 6*o - 2 = 0. Calculate q(o).
-9
Let n(j) = j**3 - 4*j**2 + 4*j - 1. Let d be n(3). Let g(q) = -7 + 0 - 9*q**2 - 7 + 1 - d*q - q**3. Let b(y) = -398*y - 1601. Let h be b(-4). Calculate g(h).
5
Let b(a) = -a**2 - 4*a + 6. Let y be b(-5). Let m(d) be the second derivative of -9*d**5/20 + d**4/12 - d**2/2 - d - 121. Calculate m(y).
-9
Let i = 27971 - 27995. Let f(s) = 4*s + 110. Give f(i).
14
Let m(i) = -3*i**2 - 45*i + 42. Let s be m(-16). Let b(p) = -p + 8. Let r = 51 - 48. Let q(u) = -2*u + 9. Let d(v) = r*q(v) - 4*b(v). Determine d(s).
7
Suppose 0 = -4*m - 3*s + 1, 3*m = -5*s - 1 - 1. Let c be 1 + m + 9/12*4. Let p(z) = z**2 - 3*z - 2. Determine p(c).
8
Let s = 253 - 261. Let h(i) = 3*i**2 - 7*i. Let c(q) = -q**2 + 2*q. Let r(k) = s*c(k) - 3*h(k). Give r(6).
-6
Let g(s) = s**3 - 273*s**2 - 6800*s - 2374. Let f be g(296). Let y(w) be the third derivative of w**6/120 + w**5/10 + w**4/24 - 7*w**3/6 - w**2. Determine y(f).
-13
Suppose -9 = -3*g + 3, -3*m + 5*g - 23 = 0. Let j(v) be the third derivative of -v**6/15 + v**5/60 + 6*v**2 + 2*v + 102. Calculate j(m).
9
Let t = 370 + -370. Suppose 8*o - 12 - 36 = t. Let u(k) = -k**3 + 6*k**2 + k - 5. What is u(o)?
1
Let k(d) = 2 + 1 - 3 + 1. Let x(s) = s**2 + 5*s - 1. Let h(j) = 3*k(j) - x(j). Let f(i) = -7*i**3 + 2*i**2 - 5*i + 3. Let y be f(1). What is h(y)?
-10
Let d = 51 - 46. Let s(j) = 7 - 44*j + 12*j + 28*j + 5*j**2 - j**3. Calculate s(d).
-13
Let z(n) = n**3 + 6*n**2 + n - 6. Let q be (-5)/25 + 236/5. Suppose 10*o + 3 + q = 0. Determine z(o).
14
Let l(a) be the first derivative of 3*a**2/2 + 11*a - 7538. Give l(0).
11
Let l = -51 + 56. Let s(b) be the first derivative of b**4/4 - 5*b**3/3 - b**2 + b + 26. Give s(l).
-9
Let i(m) be the first derivative of 8/3*m**3 + 1/4*m**4 + 44 + 5*m + 4*m**2. What is i(-7)?
-2
Let d = -13 + 26. Suppose -d = -9*c + 5. Let p(x) = -3*x**3 + 2*x**2 + 3*x - 2. What is p(c)?
-12
Let o be (-1*2)/(32/(-112)). Let n(q) = -42 + 20 + o*q**3 + 21. Suppose 22 = 3*f - 5*w, -5*f - 12 = 3*w + 8. Calculate n(f).
-8
Suppose 0 = 76*j + 22 - 49 + 103. Let c(z) = 28*z + 3. Let h(p) = 27*p + 4. Let u(x) = 3*c(x) - 2*h(x). Calculate u(j).
-29
Let l(g) = -2*g**3 - 8*g**2 - 5*g - 2. Let q be (11 + 15 + -21)*12/(-20). Calculate l(q).
-5
Let w(x) = 0*x - 11 + 3*x - 2*x. Let i = 63 - 27. Let z = i - 30. Give w(z).
-5
Let p(h) = -6 - 4*h - 4 - 22 - 4. Let b be p(-8). Let d(x) = -x**3 - 2*x**2 + 6*x + 6. Give d(b).
14
Let t = -322 + 343. Suppose t*k - 13*k = 24. Let o(i) = 3*i**3 - 3*i - i**3 + 16*i**2 - 2 - 18*i**2. Determine o(k).
25
Let l = -1135 - -1134. Let c(x) = -10*x - 4. What is c(l)?
6
Suppose 61*h - 30*h - 583 = 84*h. Let i(c) = -8*c - 97. What is i(h)?
-9
Let r(h) be the second derivative of -h**4/12 + 11*h**3/6 + 5*h**2 - h. Suppose -72 = 4*y - 21*c + 18, -3*y = -2*c - 15. Determine r(y).
28
Let f(l) = l**3 - 17*l**2 - 16*l - 33. Let m be f(18). Let s(t) = 6*t**2 + m*t**2 - t**2 + 222 - 221. Let o be (-5 + 7)/(-2) + 2. What is s(o)?
9
Suppose 5*g - 80 - 49 = 3*u, 2*u - 31 = -g. Let p be (-10)/3*g/(-15). Let q(n) = -2 + p*n + 0 + 0 - 1. Calculate q(2).
9
Let c(f) be the first derivative of -f**4/2 - 67*f**3/3 + 31*f**2/2 - 105*f - 5027. Calculate c(-34).
-3
Let i(v) = -10*v**2 + 20*v**2 - v**3 + 5 + 3*v - 8*v**2 - 2. Let w(t) = t**3 - 14*t**2 + 23*t + 17. Let a be w(12). Let d be -1 + a - (28 + -27). Give i(d).
3
Let p(o) be the first derivative of -3*o**4/2 - o**2/2 + o - 9. Let n be p(1). Let m(l) = -2 + l + 2. Determine m(n).
-6
Let i(w) be the third derivative of -w**4/24 - w**3/6 + 14523*w**2. Let x(d) = d**3 - d**2 - 3*d + 2. Let j be x(2). Calculate i(j).
-1
Suppose -4*t - 14 = 18. Let j(u) = -5*u + 7 - 241*u**2 + 14*u - 356*u**2 + u**3 + 606*u*